ite number?
True
Is 41579 prime?
True
Is 77069 a prime number?
True
Is 726211 a prime number?
False
Is 91847 a prime number?
False
Is 56299 a prime number?
True
Is 27329 prime?
True
Is 93127 prime?
False
Is 60019 prime?
False
Is 11399 a composite number?
False
Is 9511 prime?
True
Is 1086337 a prime number?
False
Is 108073 a prime number?
False
Is 738431 composite?
True
Is 74821 a prime number?
True
Is 56521 prime?
False
Is 223711 a prime number?
True
Is 56807 composite?
False
Is 1969 prime?
False
Is 55291 prime?
True
Is 303859 a prime number?
True
Is 597301 composite?
False
Is 853337 a composite number?
True
Is 557 a composite number?
False
Is 195157 composite?
False
Is 144631 composite?
True
Is 42587 a composite number?
True
Is 84577 a composite number?
True
Is 6521 a prime number?
True
Is 811843 prime?
False
Is 5755 a composite number?
True
Is 315461 a composite number?
False
Is 14189 a composite number?
True
Is 156419 prime?
True
Is 1022003 prime?
False
Is 142123 a composite number?
False
Is 195445 composite?
True
Is 35491 composite?
False
Is 5519 a composite number?
False
Is 57259 a prime number?
True
Is 2633 prime?
True
Is 365747 a prime number?
True
Is 9227 a prime number?
True
Is 1649 composite?
True
Is 172489 prime?
True
Is 16811 a composite number?
False
Is 181 a composite number?
False
Is 608497 prime?
True
Is 1255459 composite?
True
Is 51751 composite?
True
Is 2226355 prime?
False
Is 35314 a composite number?
True
Is 2333 a prime number?
True
Is 44501 composite?
False
Is 30279 prime?
False
Is 304301 composite?
False
Is 35881 a composite number?
True
Is 44839 a prime number?
True
Is 3337 a composite number?
True
Is 2674913 composite?
False
Is 145091 prime?
True
Is 12202 prime?
False
Is 2503 prime?
True
Is 56519 composite?
False
Is 166247 prime?
True
Is 30691 prime?
False
Is 1781 a prime number?
False
Is 607403 a composite number?
True
Is 1469497 a composite number?
True
Is 334741 composite?
True
Is 33659 prime?
False
Is 12223 composite?
True
Is 2179 a composite number?
False
Is 581633 a composite number?
True
Is 29297 composite?
False
Is 160933 composite?
False
Is 27689 a prime number?
True
Is 391 composite?
True
Is 211379 composite?
True
Is 9247 prime?
False
Is 48394 a prime number?
False
Is 8263 composite?
False
Is 55882 composite?
True
Is 31973 a composite number?
False
Is 73481 prime?
False
Is 6289 a composite number?
True
Is 1073239 prime?
True
Is 79657 a composite number?
False
Is 118883 a prime number?
False
Is 450717 a prime number?
False
Is 10135 a composite number?
True
Is 93973 a composite number?
True
Is 247645 composite?
True
Is 4643 a composite number?
False
Is 45511 prime?
False
Is 62683 composite?
False
Is 4127 composite?
False
Is 204623 composite?
False
Is 18593 prime?
True
Is 311 a prime number?
True
Is 156217 composite?
False
Is 27505 composite?
True
Is 43391 composite?
False
Is 37793 a prime number?
False
Is 111139 composite?
True
Is 326537 prime?
True
Is 8899 a composite number?
True
Is 3322493 a prime number?
False
Is 6197 prime?
True
Is 110879 composite?
False
Is 3090619 prime?
False
Is 4303 composite?
True
Is 179021 composite?
False
Is 974 a composite number?
True
Is 6637 composite?
False
Is 12706 prime?
False
Is 43805 composite?
True
Is 322319 a composite number?
False
Is 132629 a composite number?
True
Is 61817 prime?
False
Is 47023 prime?
False
Is 49461 prime?
False
Is 42641 a prime number?
True
Is 27397 a prime number?
True
Is 9242 a prime number?
False
Is 70687 a prime number?
True
Is 346991 a prime number?
False
Is 32569 composite?
False
Is 5051 a prime number?
True
Is 2691731 a composite number?
True
Is 381973 a composite number?
True
Is 10265 composite?
True
Is 3191 a prime number?
True
Is 124103 prime?
False
Is 10843 composite?
True
Is 83299 a prime number?
True
Is 8057 prime?
False
Is 45035 prime?
False
Is 105167 a prime number?
True
Is 42361 composite?
True
Is 3799 a prime number?
False
Is 12071 a composite number?
False
Is 3863 a composite number?
False
Is 580705 composite?
True
Is 11213 prime?
True
Is 7715 a prime number?
False
Is 10499 prime?
True
Is 206401 a prime number?
False
Is 15881 a composite number?
False
Is 12889 composite?
False
Is 202021 prime?
True
Is 321 a prime number?
False
Is 234397 prime?
False
Is 734 a prime number?
False
Is 17551 a composite number?
False
Is 1382 a prime number?
False
Is 143331 a composite number?
True
Is 221458 prime?
False
Is 57457 prime?
True
Is 7789 composite?
False
Is 38173 prime?
False
Is 841727 a composite number?
False
Is 23941 a prime number?
False
Is 35797 composite?
False
Is 5207 prime?
False
Is 280887 composite?
True
Is 8345 a prime number?
False
Is 32727 composite?
True
Is 508363 prime?
True
Is 27923 a prime number?
False
Is 57269 a prime number?
True
Is 162413 composite?
False
Is 320071 prime?
False
Is 792359 composite?
False
Is 128746 a prime number?
False
Is 81739 a prime number?
False
Is 44351 prime?
True
Is 1655353 prime?
False
Is 4783 a composite number?
False
Is 1423 prime?
True
Is 178001 composite?
False
Is 18059 a prime number?
True
Is 928859 a composite number?
False
Is 116393 prime?
False
Is 1428767 composite?
False
Is 809 a prime number?
True
Is 183151 composite?
False
Is 2897 a prime number?
True
Is 177239 composite?
False
Is 2551 a prime number?
True
Is 29917 a composite number?
False
Is 7993 a prime number?
True
Is 31957 prime?
True
Is 119027 composite?
False
Is 35963 composite?
False
Is 337 a prime number?
True
Is 70823 a prime number?
True
Is 2743 a composite number?
True
Is 1187453 prime?
True
Is 10687 a composite number?
False
Is 6739 a composite number?
True
Is 14995 a prime number?
False
Is 3803 prime?
True
Is 1126849 prime?
False
Is 50438 prime?
False
Is 107309 composite?
False
Is 502781 a composite number?
False
Is 9649 a prime number?
True
Is 6689 a prime number?
True
Is 151843 composite?
True
Is 975965 composite?
True
Is 12521 prime?
False
Is 586337 composite?
True
Is 22343 a prime number?
True
Is 3128059 prime?
False
Is 634514 prime?
False
Is 2773 a prime number?
False
Is 253153 composite?
False
Is 263537 a prime number?
True
Is 1081 prime?
False
Is 1061 prime?
True
Is 846383 a prime number?
True
Is 202117 prime?
False
Is 720143 a composite number?
True
Is 3747 prime?
False
Is 2099 a prime number?
True
Is 462067 composite?
False
Is 111647 a prime number?
False
Is 4162 composite?
True
Is 1693 a prime number?
True
Is 500761 prime?
False
Is 32869 a composite number?
False
Is 1260067 a prime number?
True
Is 151127 prime?
False
Is 3163 a prime number?
True
Is 26303 prime?
False
Is 1361 a prime number?
True
Is 189733 composite?
False
Is 19567 prime?
False
Is 9337 prime?
True
Is 8317 composite?
False
Is 48199 prime?
False
Is 23789 composite?
False
Is 207733 a composite number?
True
Is 189313 a composite number?
True
Is 405458 composite?
True
Is 4193 composite?
True
Is 1466 a prime number?
False
Is 3353 a prime number?
False
Is 1050265 a prime number?
False
Is 95311 a composite number?
False
Is 87313 a composite number?
False
Is 492641 prime?
True
Is 4091 prime?
True
Is 271457 a composite number?
True
Is 144323 a prime number?
True
Is 503531 a composite number?
True
Is 1521745 a composite number?
True
Is 93593 composite?
True
Is 39581 a composite number?
False
Is 563853 composite?
True
Is 2172943 composite?
False
Is 22669 a composite number?
False
Is 66237 composite?
True
Is 262529 a prime number?
False
Is 3070993 composite?
False
Is 133465 prime?
False
Is 228619 prime?
True
Is 7177 composite?
False
Is 62383 a prime number?
True
Is 12809 a prime number?
True
Is 8617 composite?
True
Is 2822221 a composite number?
True
Is 366083 prime?
False
Is 11863 a composite number?
False
Is 33071 prime?
True
Is 3145819 composite?
False
Is 8317 a composite number?
False
Is 1351 composite?
True
Is 2293 a prime number?
True
Is 268439 a prime number?
True
Is 1470265 a composite number?
True
Is 47041 a prime number?
True
Is 150859 a composite number?
True
Is 35201 prime?
True
Is 3967 a prime number?
True
Is 237037 a composite number?
True
Is 598663 a prime number?
False
Is 391649 a prime number?
False
Is 235231 a prime number?
True
Is 243213 a composite number?
True
Is 344161 a composite number?
False
Is 1483117 a composite number?
True
Is 1853